 the hundreds digit of 5139?
1
What is the tens digit of 10906?
0
What is the tens digit of 1970?
7
What is the units digit of 6120?
0
What is the ten thousands digit of 54944?
5
What is the hundreds digit of 18331?
3
What is the tens digit of 5183?
8
What is the thousands digit of 76198?
6
What is the hundreds digit of 160123?
1
What is the hundreds digit of 1830?
8
What is the units digit of 8160?
0
What is the ten thousands digit of 49233?
4
What is the tens digit of 38003?
0
What is the units digit of 31950?
0
What is the hundreds digit of 8614?
6
What is the hundreds digit of 70750?
7
What is the thousands digit of 4060?
4
What is the tens digit of 1124?
2
What is the units digit of 1436?
6
What is the thousands digit of 78986?
8
What is the units digit of 22804?
4
What is the hundreds digit of 97992?
9
What is the tens digit of 14336?
3
What is the thousands digit of 87183?
7
What is the tens digit of 27605?
0
What is the units digit of 501?
1
What is the tens digit of 206?
0
What is the units digit of 1562?
2
What is the units digit of 5849?
9
What is the units digit of 3626?
6
What is the tens digit of 65719?
1
What is the units digit of 501?
1
What is the hundreds digit of 5079?
0
What is the units digit of 23719?
9
What is the units digit of 8931?
1
What is the hundreds digit of 9212?
2
What is the tens digit of 1639?
3
What is the hundreds digit of 27702?
7
What is the thousands digit of 33421?
3
What is the ten thousands digit of 30970?
3
What is the ten thousands digit of 74564?
7
What is the tens digit of 1480?
8
What is the hundreds digit of 1318?
3
What is the tens digit of 911?
1
What is the units digit of 1643?
3
What is the tens digit of 516?
1
What is the units digit of 1020?
0
What is the units digit of 43596?
6
What is the hundreds digit of 1654?
6
What is the units digit of 8637?
7
What is the hundreds digit of 397?
3
What is the units digit of 844?
4
What is the hundreds digit of 742?
7
What is the thousands digit of 1922?
1
What is the tens digit of 54650?
5
What is the hundreds digit of 19603?
6
What is the units digit of 1186?
6
What is the hundreds digit of 2541?
5
What is the ten thousands digit of 18186?
1
What is the tens digit of 466?
6
What is the units digit of 23459?
9
What is the hundreds digit of 66210?
2
What is the tens digit of 1349?
4
What is the units digit of 7005?
5
What is the units digit of 3361?
1
What is the tens digit of 1294?
9
What is the tens digit of 749?
4
What is the thousands digit of 35176?
5
What is the thousands digit of 13402?
3
What is the units digit of 18665?
5
What is the units digit of 44423?
3
What is the hundreds digit of 477?
4
What is the tens digit of 73061?
6
What is the thousands digit of 2068?
2
What is the thousands digit of 17981?
7
What is the tens digit of 112?
1
What is the units digit of 7956?
6
What is the tens digit of 624?
2
What is the tens digit of 834?
3
What is the thousands digit of 4472?
4
What is the tens digit of 3369?
6
What is the thousands digit of 1579?
1
What is the tens digit of 26456?
5
What is the units digit of 2291?
1
What is the tens digit of 17570?
7
What is the tens digit of 1646?
4
What is the hundreds digit of 967?
9
What is the tens digit of 34587?
8
What is the tens digit of 363?
6
What is the ten thousands digit of 175444?
7
What is the thousands digit of 2794?
2
What is the tens digit of 450?
5
What is the hundreds digit of 5806?
8
What is the ten thousands digit of 23632?
2
What is the thousands digit of 3672?
3
What is the hundreds digit of 1240?
2
What is the thousands digit of 1115?
1
What is the ten thousands digit of 51510?
5
What is the thousands digit of 43297?
3
What is the thousands digit of 3075?
3
What is the hundreds digit of 25213?
2
What is the thousands digit of 7301?
7
What is the hundreds digit of 867?
8
What is the units digit of 89708?
8
What is the tens digit of 269?
6
What is the hundreds digit of 61854?
8
What is the units digit of 8759?
9
What is the hundreds digit of 318?
3
What is the ten thousands digit of 11614?
1
What is the thousands digit of 15221?
5
What is the units digit of 1488?
8
What is the units digit of 18063?
3
What is the units digit of 959?
9
What is the tens digit of 27293?
9
What is the ten thousands digit of 30314?
3
What is the tens digit of 88705?
0
What is the units digit of 23143?
3
What is the hundreds digit of 85415?
4
What is the tens digit of 9498?
9
What is the tens digit of 237?
3
What is the hundreds digit of 66343?
3
What is the hundreds digit of 3351?
3
What is the units digit of 640?
0
What is the units digit of 30045?
5
What is the thousands digit of 5077?
5
What is the ten thousands digit of 79285?
7
What is the hundreds digit of 882?
8
What is the hundreds digit of 6691?
6
What is the units digit of 165731?
1
What is the hundreds digit of 39776?
7
What is the tens digit of 64756?
5
What is the units digit of 8773?
3
What is the units digit of 3378?
8
What is the units digit of 4561?
1
What is the tens digit of 2029?
2
What is the units digit of 4016?
6
What is the tens digit of 5090?
9
What is the thousands digit of 42498?
2
What is the tens digit of 35969?
6
What is the units digit of 28062?
2
What is the thousands digit of 4018?
4
What is the tens digit of 3708?
0
What is the tens digit of 3344?
4
What is the hundreds digit of 6856?
8
What is the units digit of 5852?
2
What is the tens digit of 2163?
6
What is the tens digit of 76?
7
What is the tens digit of 26694?
9
What is the hundreds digit of 56563?
5
What is the tens digit of 1173?
7
What is the ten thousands digit of 40765?
4
What is the hundreds digit of 57780?
7
What is the thousands digit of 174265?
4
What is the tens digit of 237?
3
What is the hundreds digit of 143?
1
What is the ten thousands digit of 31510?
3
What is the hundred thousands digit of 118133?
1
What is the hundreds digit of 205?
2
What is the thousands digit of 1344?
1
What is the units digit of 12543?
3
What is the ten thousands digit of 30330?
3
What is the thousands digit of 2321?
2
What is the hundreds digit of 2485?
4
What is the tens digit of 703?
0
What is the ten thousands digit of 107305?
0
What is the tens digit of 766?
6
What is the units digit of 6007?
7
What is the thousands digit of 3202?
3
What is the thousands digit of 33115?
3
What is the units digit of 81205?
5
What is the hundreds digit of 18421?
4
What is the hundreds digit of 4402?
4
What is the hundreds digit of 665?
6
What is the tens digit of 123701?
0
What is the thousands digit of 16464?
6
What is the hundreds digit of 3820?
8
What is the tens digit of 40?
4
What is the hundreds digit of 689?
6
What is the units digit of 858?
8
What is the units digit of 2303?
3
What is the hundreds digit of 31942?
9
What is the units digit of 30511?
1
What is the thousands digit of 1044?
1
What is the hundreds digit of 14660?
6
What is the tens digit of 852?
5
What is the hundreds digit of 20126?
1
What is the thousands digit of 109664?
9
What is the tens digit of 9133?
3
What is the hundreds digit of 46918?
9
What is the units digit of 799?
9
What is the hundreds digit of 808?
8
What is the tens digit of 16191?
9
What is the tens digit of 8781?
8
What is the units digit of 2589?
9
What is the tens digit of 985?
8
What is the units digit of 9816?
6
What is the hundreds digit of 465?
4
What is the tens digit of 19127?
2
What is the units digit of 83495?
5
What is the tens digit of 8423?
2
What is the ten thousands digit of 46183?
4
What is the ten thousands digit of 72833?
7
What is the thousands digit of 54040?
4
What is the hundreds digit of 1093?
0
What is the hundreds digit of 4136?
1
What is the tens digit of 16100?
0
What is the thousands digit of 10526?
0
What is the hundreds digit of 30933?
9
What is the hundreds digit of 16624?
6
What is the units digit of 4130?
0
What is the hundreds digit of 78776?
7
What is the thousands digit of 9509?
9
What is the units digit of 289?
9
What is the ten thousands digit of 180306?
8
What is the units digit of 2264?
4
What is the hundreds digit of 79502?
5
What is the hundreds digit of 329?
3
What is the tens digit of 143?
4
What is the tens digit of 98089?
8
What is the hundred thousands digit of 107887?
1
What is the hundreds digit of 716